{"id":43,"date":"2023-09-10T17:47:15","date_gmt":"2023-09-10T15:47:15","guid":{"rendered":"https:\/\/nanejeanluc-vezinet.fr\/?page_id=43"},"modified":"2025-05-08T16:09:54","modified_gmt":"2025-05-08T14:09:54","slug":"contes","status":"publish","type":"page","link":"https:\/\/nanejeanluc-vezinet.fr\/index.php\/contes\/","title":{"rendered":"Nos recueils de contes"},"content":{"rendered":"\n<div class=\"wp-block-columns is-layout-flex wp-container-core-columns-is-layout-28f84493 wp-block-columns-is-layout-flex\">\n<div class=\"wp-block-column is-layout-flow wp-block-column-is-layout-flow\">\n<p><\/p>\n\n\n\n<div class=\"wp-block-columns is-layout-flex wp-container-core-columns-is-layout-28f84493 wp-block-columns-is-layout-flex\">\n<div class=\"wp-block-column is-layout-flow wp-block-column-is-layout-flow\" style=\"flex-basis:33.33%\">\n<figure class=\"wp-block-image size-full is-resized\"><img loading=\"lazy\" decoding=\"async\" width=\"598\" height=\"600\" src=\"https:\/\/nanejeanluc-vezinet.fr\/wp-content\/uploads\/2024\/04\/couv-petits-contes-couv-2.png\" alt=\"\" class=\"wp-image-219\" style=\"width:218px;height:auto\" srcset=\"https:\/\/nanejeanluc-vezinet.fr\/wp-content\/uploads\/2024\/04\/couv-petits-contes-couv-2.png 598w, https:\/\/nanejeanluc-vezinet.fr\/wp-content\/uploads\/2024\/04\/couv-petits-contes-couv-2-300x300.png 300w, https:\/\/nanejeanluc-vezinet.fr\/wp-content\/uploads\/2024\/04\/couv-petits-contes-couv-2-150x150.png 150w\" sizes=\"auto, (max-width: 598px) 100vw, 598px\" \/><\/figure>\n<\/div>\n\n\n\n<div class=\"wp-block-column is-layout-flow wp-block-column-is-layout-flow\" style=\"flex-basis:66.66%\">\n<p class=\"has-small-font-size\">                                                                                 R\u00e9\u00e9dition 2023 des<strong> Petits contes du vaste Monde<\/strong> (avec le CD) ouvrage qui \u00e9tait \u00e9puis\u00e9.                                         <\/p>\n\n\n\n<p class=\"has-small-font-size\"><em><strong>Bravo<\/strong> ! Issu des quatre coins du monde, ce piquant choix d&rsquo;histoires fera d\u00e9couvrir au jeune lecteur un peu de l&rsquo;\u00e9norme richesse des contes\u2009: entre \u00e9clats de rire, une pointe de merveilleux et des le\u00e7ons de vie toutes simples<\/em>. (<strong>La revue du livre pour enfants)<\/strong><\/p>\n<\/div>\n<\/div>\n<\/div>\n<\/div>\n\n\n\n<div class=\"wp-block-columns is-layout-flex wp-container-core-columns-is-layout-28f84493 wp-block-columns-is-layout-flex\">\n<div class=\"wp-block-column is-layout-flow wp-block-column-is-layout-flow\" style=\"flex-basis:33.33%\">\n<figure class=\"wp-block-image size-full is-resized\"><img loading=\"lazy\" decoding=\"async\" width=\"400\" height=\"576\" src=\"https:\/\/nanejeanluc-vezinet.fr\/wp-content\/uploads\/2023\/09\/site-11.webp\" alt=\"\" class=\"wp-image-48\" style=\"width:225px;height:auto\" srcset=\"https:\/\/nanejeanluc-vezinet.fr\/wp-content\/uploads\/2023\/09\/site-11.webp 400w, https:\/\/nanejeanluc-vezinet.fr\/wp-content\/uploads\/2023\/09\/site-11-208x300.webp 208w\" sizes=\"auto, (max-width: 400px) 100vw, 400px\" \/><\/figure>\n<\/div>\n\n\n\n<div class=\"wp-block-column is-layout-flow wp-block-column-is-layout-flow\" style=\"flex-basis:66.66%\">\n<p class=\"has-small-font-size\"><strong>Contes des mers et des oc\u00e9ans<\/strong> co-\u00e9crits avec Rolande Causse, illustr\u00e9s par Nesselde ( \u00e9ditions des El\u00e9phants 2023) \u00e0 partir de 9 ans. <strong><em>M\u00e9daille jeunesse 2024 de l&rsquo;Acad\u00e9mie de Marine.  S\u00e9lectionn\u00e9 pour le prix Etoiles bleues<\/em> 2025.<\/strong> Histoires de naufrag\u00e9s, de femmes phoques, de p\u00eacheurs malchanceux, d\u2019ondines ou de sir\u00e8nes, de baleines ou de poissons, ces onze contes traditionnels nous entra\u00eenent dans un fabuleux voyage, du Canada aux Marquises\u2026 <em>Int\u00e9ressant<\/em>\u00a0\u00bb <strong> (CNLJ) <\/strong> \u00ab\u00a0<em>Voici un magnifique livre pour une lecture f\u00e9erique&#8230;\u00a0\u00bb  <\/em><strong>(Encres vagabondes<\/strong><em>)  Un beau recueil de contes&#8230; invitant au voyage et \u00e0 la f\u00e9erie. <\/em><strong>(Opalivres) <\/strong><em> <strong>     <\/strong>       <\/em><\/p>\n\n\n\n<p><\/p>\n\n\n\n<p><\/p>\n<\/div>\n<\/div>\n\n\n\n<div class=\"wp-block-columns is-layout-flex wp-container-core-columns-is-layout-28f84493 wp-block-columns-is-layout-flex\">\n<div class=\"wp-block-column is-layout-flow wp-block-column-is-layout-flow\" style=\"flex-basis:33.33%\">\n<figure class=\"wp-block-image size-full is-resized\"><img loading=\"lazy\" decoding=\"async\" width=\"488\" height=\"700\" src=\"https:\/\/nanejeanluc-vezinet.fr\/wp-content\/uploads\/2023\/09\/couv-contes-des-arbres255-2.jpg\" alt=\"\" class=\"wp-image-80\" style=\"width:225px;height:auto\" srcset=\"https:\/\/nanejeanluc-vezinet.fr\/wp-content\/uploads\/2023\/09\/couv-contes-des-arbres255-2.jpg 488w, https:\/\/nanejeanluc-vezinet.fr\/wp-content\/uploads\/2023\/09\/couv-contes-des-arbres255-2-209x300.jpg 209w\" sizes=\"auto, (max-width: 488px) 100vw, 488px\" \/><\/figure>\n<\/div>\n\n\n\n<div class=\"wp-block-column is-layout-flow wp-block-column-is-layout-flow\" style=\"flex-basis:66.66%\">\n<p class=\"has-small-font-size\"><strong>Contes des arbres et des for\u00eats<\/strong> co-\u00e9crits avec Rolande Causse illustr\u00e9s par Marc Daniau (\u00e9ditions des \u00c9l\u00e9phants 2021) \u00e0 partir de 6 ans. Onze r\u00e9cits de diverses r\u00e9gions du monde (Italie, Estonie, Chine, Japon, Tha\u00eflande, Albanie, Gr\u00e8ce, etc.) qui mettent \u00e0 l&rsquo;honneur le monde des arbres.    <em>\u00ab&nbsp;Bravo&nbsp;\u00bb<\/em> (<strong>La Revue des livres pour enfants). <\/strong>Figure \u00e9galement dans la s\u00e9lection 2022 de la revue.                <em>\u00ab&nbsp;Le r\u00e9sultat est ici particuli\u00e8rement r\u00e9ussi. Les histoires sont courtes et bien \u00e9crites et se pr\u00eatent ainsi facilement \u00e0 une lecture du soir.&nbsp;\u00bb<\/em> <strong>(Ricochet)<\/strong>                                           <em>\u00ab&nbsp;Une dizaine de contes du monde entier tous formidablement choisis et narr\u00e9s&nbsp;\u00bb. <\/em>(<strong>Le Monde)<\/strong><\/p>\n<\/div>\n<\/div>\n\n\n\n<div class=\"wp-block-columns is-layout-flex wp-container-core-columns-is-layout-28f84493 wp-block-columns-is-layout-flex\">\n<div class=\"wp-block-column is-layout-flow wp-block-column-is-layout-flow\" style=\"flex-basis:33.33%\">\n<figure class=\"wp-block-image size-full is-resized\"><img loading=\"lazy\" decoding=\"async\" width=\"654\" height=\"942\" src=\"https:\/\/nanejeanluc-vezinet.fr\/wp-content\/uploads\/2023\/09\/contes-de-chevaux173.jpg\" alt=\"\" class=\"wp-image-81\" style=\"aspect-ratio:0.694078947368421;width:225px;height:auto\" srcset=\"https:\/\/nanejeanluc-vezinet.fr\/wp-content\/uploads\/2023\/09\/contes-de-chevaux173.jpg 654w, https:\/\/nanejeanluc-vezinet.fr\/wp-content\/uploads\/2023\/09\/contes-de-chevaux173-208x300.jpg 208w\" sizes=\"auto, (max-width: 654px) 100vw, 654px\" \/><\/figure>\n<\/div>\n\n\n\n<div class=\"wp-block-column is-layout-flow wp-block-column-is-layout-flow\" style=\"flex-basis:66.66%\">\n<p class=\"has-small-font-size\"><strong>Au trot, au galop, Contes de chevaux<\/strong> co-\u00e9crits avec Rolande Causse illustr\u00e9s par Barroux (\u00e9ditions des \u00c9l\u00e9phants 2019) \u00e0 partir de 6 ans. Ce recueil rassemble neuf contes et r\u00e9cits avec pour point commun le cheval.     <em>\u00ab&nbsp;L\u2019\u00e9criture est enlev\u00e9e, vivante et attrayante pour les enfants, l\u2019illustration d\u00e9cal\u00e9e, proche du croquis ajoute \u00e0 l\u2019attrait du livre. Une r\u00e9ussite, \u00e9galement bien adapt\u00e9e au public scolaire.&nbsp;\u00bb <\/em><strong>( Les-notes.fr revue du r\u00e9seau culture et biblioth\u00e8ques pour tous)<\/strong>.                                               <em>\u00ab&nbsp;Un choix judicieux de contes de tous les pays, on reste s\u00e9duit par la grande vari\u00e9t\u00e9 des histoires, le tr\u00e8s joli objet livre agr\u00e9able \u00e0 parcourir&nbsp;&nbsp;\u00bb(<\/em><strong> La revue du livre pour enfants)<\/strong><\/p>\n<\/div>\n<\/div>\n\n\n\n<div class=\"wp-block-columns is-layout-flex wp-container-core-columns-is-layout-28f84493 wp-block-columns-is-layout-flex\">\n<div class=\"wp-block-column is-layout-flow wp-block-column-is-layout-flow\" style=\"flex-basis:33.33%\">\n<figure class=\"wp-block-image size-full is-resized\"><img loading=\"lazy\" decoding=\"async\" width=\"800\" height=\"765\" src=\"https:\/\/nanejeanluc-vezinet.fr\/wp-content\/uploads\/2023\/09\/couverture-petits-contes-2-800x765-1.jpg\" alt=\"\" class=\"wp-image-82\" style=\"width:221px;height:auto\" srcset=\"https:\/\/nanejeanluc-vezinet.fr\/wp-content\/uploads\/2023\/09\/couverture-petits-contes-2-800x765-1.jpg 800w, https:\/\/nanejeanluc-vezinet.fr\/wp-content\/uploads\/2023\/09\/couverture-petits-contes-2-800x765-1-300x287.jpg 300w, https:\/\/nanejeanluc-vezinet.fr\/wp-content\/uploads\/2023\/09\/couverture-petits-contes-2-800x765-1-768x734.jpg 768w\" sizes=\"auto, (max-width: 800px) 100vw, 800px\" \/><\/figure>\n<\/div>\n\n\n\n<div class=\"wp-block-column is-layout-flow wp-block-column-is-layout-flow\" style=\"flex-basis:66.66%\">\n<p class=\"has-small-font-size\"><strong>Petits contes du vaste monde<\/strong> livre CD co-\u00e9crits avec Rolande Causse, illustr\u00e9 par Suzy Vergez (\u00e9ditions Circonflexe 2017 re\u00e9dit\u00e9 en 2023) d\u00e8s 4 ans.                                            <em>\u00ab&nbsp;Un beau tour du monde qui invite \u00e0 la d\u00e9couverte des autres pays.&nbsp;\u00bb <\/em>(<strong>Masscritics)<\/strong>                                            <em>\u00ab&nbsp;Des illustrations \u00e9pur\u00e9es ponctuent ces dix contes&#8230;u<\/em><strong><em>n beau cadeau \u00e0 d\u00e9guster en s\u2019amusant des formules \u00e0 r\u00e9p\u00e9tition ou cha\u00eenes d\u2019\u00e9v\u00e9nements inattendus.&nbsp;\u00bb<\/em><\/strong> (<strong>Opalivres)<\/strong><\/p>\n<\/div>\n<\/div>\n\n\n\n<div class=\"wp-block-columns is-layout-flex wp-container-core-columns-is-layout-28f84493 wp-block-columns-is-layout-flex\">\n<div class=\"wp-block-column is-layout-flow wp-block-column-is-layout-flow\" style=\"flex-basis:33.33%\">\n<figure class=\"wp-block-image size-full is-resized\"><img loading=\"lazy\" decoding=\"async\" width=\"656\" height=\"642\" src=\"https:\/\/nanejeanluc-vezinet.fr\/wp-content\/uploads\/2023\/09\/couverture-bois-des-esprits-2-charte.jpg\" alt=\"\" class=\"wp-image-83\" style=\"width:221px;height:auto\" srcset=\"https:\/\/nanejeanluc-vezinet.fr\/wp-content\/uploads\/2023\/09\/couverture-bois-des-esprits-2-charte.jpg 656w, https:\/\/nanejeanluc-vezinet.fr\/wp-content\/uploads\/2023\/09\/couverture-bois-des-esprits-2-charte-300x294.jpg 300w\" sizes=\"auto, (max-width: 656px) 100vw, 656px\" \/><\/figure>\n<\/div>\n\n\n\n<div class=\"wp-block-column is-layout-flow wp-block-column-is-layout-flow\" style=\"flex-basis:66.66%\">\n<p class=\"has-small-font-size\"><strong>Le bois des esprits et le jour o\u00f9 les chemins disparurent<\/strong> contes afro-cubains illustr\u00e9s par Za\u00fb (\u00e9ditions Un Autre Reg&rsquo;Art 2018) d\u00e8s 7 ans.                                                   Des milliers d&rsquo;esclaves venus d&rsquo;Afrique ont travaill\u00e9 \u00e0 Cuba dans les plantations de canne \u00e0 sucre et de tabac. Ils ont su conserver la richesse de leurs traditions orales. Leurs contes et l\u00e9gendes \u00e9voquent leurs divinit\u00e9s, leur condition d&rsquo;esclave et le monde merveilleux venu de la terre des anc\u00eatres.<\/p>\n<\/div>\n<\/div>\n\n\n\n<div class=\"wp-block-columns is-layout-flex wp-container-core-columns-is-layout-28f84493 wp-block-columns-is-layout-flex\">\n<div class=\"wp-block-column is-layout-flow wp-block-column-is-layout-flow\">\n<figure class=\"wp-block-image size-full is-resized\"><img loading=\"lazy\" decoding=\"async\" width=\"534\" height=\"344\" src=\"https:\/\/nanejeanluc-vezinet.fr\/wp-content\/uploads\/2023\/09\/derniers-albums.png\" alt=\"\" class=\"wp-image-122\" style=\"width:639px;height:411px\" srcset=\"https:\/\/nanejeanluc-vezinet.fr\/wp-content\/uploads\/2023\/09\/derniers-albums.png 534w, https:\/\/nanejeanluc-vezinet.fr\/wp-content\/uploads\/2023\/09\/derniers-albums-300x193.png 300w\" sizes=\"auto, (max-width: 534px) 100vw, 534px\" \/><\/figure>\n<\/div>\n<\/div>\n\n\n\n<p><\/p>\n","protected":false},"excerpt":{"rendered":"<p>R\u00e9\u00e9dition 2023 des Petits contes du vaste Monde (avec le CD) ouvrage qui \u00e9tait \u00e9puis\u00e9. Bravo ! Issu des quatre coins du monde, ce piquant choix d&rsquo;histoires fera d\u00e9couvrir au jeune lecteur un peu de l&rsquo;\u00e9norme richesse des contes\u2009: entre \u00e9clats de rire, une pointe de merveilleux et des le\u00e7ons de vie toutes simples. (La [&hellip;]<\/p>\n","protected":false},"author":1,"featured_media":0,"parent":0,"menu_order":0,"comment_status":"closed","ping_status":"closed","template":"","meta":{"footnotes":""},"class_list":["post-43","page","type-page","status-publish","hentry"],"_links":{"self":[{"href":"https:\/\/nanejeanluc-vezinet.fr\/index.php\/wp-json\/wp\/v2\/pages\/43","targetHints":{"allow":["GET"]}}],"collection":[{"href":"https:\/\/nanejeanluc-vezinet.fr\/index.php\/wp-json\/wp\/v2\/pages"}],"about":[{"href":"https:\/\/nanejeanluc-vezinet.fr\/index.php\/wp-json\/wp\/v2\/types\/page"}],"author":[{"embeddable":true,"href":"https:\/\/nanejeanluc-vezinet.fr\/index.php\/wp-json\/wp\/v2\/users\/1"}],"replies":[{"embeddable":true,"href":"https:\/\/nanejeanluc-vezinet.fr\/index.php\/wp-json\/wp\/v2\/comments?post=43"}],"version-history":[{"count":24,"href":"https:\/\/nanejeanluc-vezinet.fr\/index.php\/wp-json\/wp\/v2\/pages\/43\/revisions"}],"predecessor-version":[{"id":310,"href":"https:\/\/nanejeanluc-vezinet.fr\/index.php\/wp-json\/wp\/v2\/pages\/43\/revisions\/310"}],"wp:attachment":[{"href":"https:\/\/nanejeanluc-vezinet.fr\/index.php\/wp-json\/wp\/v2\/media?parent=43"}],"curies":[{"name":"wp","href":"https:\/\/api.w.org\/{rel}","templated":true}]}}