{"id":27,"date":"2023-09-10T23:32:09","date_gmt":"2023-09-10T21:32:09","guid":{"rendered":"https:\/\/nanejeanluc-vezinet.fr\/?page_id=27"},"modified":"2025-10-27T19:10:04","modified_gmt":"2025-10-27T18:10:04","slug":"albums","status":"publish","type":"page","link":"https:\/\/nanejeanluc-vezinet.fr\/index.php\/albums\/","title":{"rendered":"Nos albums"},"content":{"rendered":"\n<p><\/p>\n\n\n\n<div class=\"wp-block-columns is-layout-flex wp-container-core-columns-is-layout-28f84493 wp-block-columns-is-layout-flex\">\n<div class=\"wp-block-column is-layout-flow wp-block-column-is-layout-flow\">\n<p><\/p>\n\n\n\n\n\n<div class=\"wp-block-columns is-layout-flex wp-container-core-columns-is-layout-28f84493 wp-block-columns-is-layout-flex\">\n<div class=\"wp-block-column is-layout-flow wp-block-column-is-layout-flow\">\n<figure class=\"wp-block-image alignleft size-full is-resized\"><img loading=\"lazy\" decoding=\"async\" width=\"600\" height=\"777\" src=\"https:\/\/nanejeanluc-vezinet.fr\/wp-content\/uploads\/2025\/10\/Moi-lourse-couv-1.jpg\" alt=\"\" class=\"wp-image-363\" style=\"width:219px;height:auto\" srcset=\"https:\/\/nanejeanluc-vezinet.fr\/wp-content\/uploads\/2025\/10\/Moi-lourse-couv-1.jpg 600w, https:\/\/nanejeanluc-vezinet.fr\/wp-content\/uploads\/2025\/10\/Moi-lourse-couv-1-232x300.jpg 232w\" sizes=\"auto, (max-width: 600px) 100vw, 600px\" \/><\/figure>\n\n\n\n<p class=\"has-small-font-size\"><\/p>\n\n\n\n<p class=\"has-small-font-size\"><\/p>\n<\/div>\n\n\n\n<div class=\"wp-block-column is-layout-flow wp-block-column-is-layout-flow\">\n<p class=\"has-small-font-size\"> <strong>Moi, l&rsquo;ourse<\/strong> illustr\u00e9 par Sandra Lizzio: \u00e9ditions Circonflexe octobre 2025.<\/p>\n\n\n\n<p class=\"has-small-font-size\">Du haut de sommets    enneig\u00e9s, une ourse nous conte son histoire. Entrant dans sa cinqui\u00e8me ann\u00e9e, elle attend pour la premi\u00e8re fois des petits. Alors que l&rsquo;hiver arrive, elle va se r\u00e9fugier dans sa tani\u00e8re, mettre bas, et s&rsquo;occuper seule de ses oursons\u2026<\/p>\n<\/div>\n<\/div>\n\n\n\n<div class=\"wp-block-columns is-layout-flex wp-container-core-columns-is-layout-28f84493 wp-block-columns-is-layout-flex\">\n<div class=\"wp-block-column is-layout-flow wp-block-column-is-layout-flow\"><\/div>\n\n\n\n<div class=\"wp-block-column is-layout-flow wp-block-column-is-layout-flow\"><\/div>\n<\/div>\n<\/div>\n<\/div>\n\n\n\n<div class=\"wp-block-media-text is-stacked-on-mobile\" style=\"grid-template-columns:32% auto\"><figure class=\"wp-block-media-text__media\"><img loading=\"lazy\" decoding=\"async\" width=\"389\" height=\"500\" src=\"https:\/\/nanejeanluc-vezinet.fr\/wp-content\/uploads\/2024\/02\/9782378625009-475x500-1.webp\" alt=\"\" class=\"wp-image-161 size-full\" srcset=\"https:\/\/nanejeanluc-vezinet.fr\/wp-content\/uploads\/2024\/02\/9782378625009-475x500-1.webp 389w, https:\/\/nanejeanluc-vezinet.fr\/wp-content\/uploads\/2024\/02\/9782378625009-475x500-1-233x300.webp 233w\" sizes=\"auto, (max-width: 389px) 100vw, 389px\" \/><\/figure><div class=\"wp-block-media-text__content\">\n<p class=\"has-small-font-size\"><strong>Moi l&rsquo;Oc\u00e9an<\/strong> illustr\u00e9 par Sandra Lizzio Editions Circonflexe juin 2024 . L&rsquo;Oc\u00e9an nous raconte son histoire depuis son apparition sur Terre. Il nous d\u00e9voile ses beaut\u00e9s et ses myst\u00e8res.<\/p>\n\n\n\n<p class=\"has-small-font-size\"><em>Les \u00e9clatantes planches de Sandra Lizzio illuminent cette tr\u00e8s belle ode \u00e0 l&rsquo;oc\u00e9an. Et si on s&rsquo;y replongeait? <\/em><strong>(Ricochet)<\/strong><\/p>\n\n\n\n<p><\/p>\n\n\n\n<p><\/p>\n\n\n\n<p><\/p>\n\n\n\n<p><\/p>\n\n\n\n<p>.<\/p>\n<\/div><\/div>\n\n\n\n<div class=\"wp-block-columns is-layout-flex wp-container-core-columns-is-layout-28f84493 wp-block-columns-is-layout-flex\">\n<div class=\"wp-block-column is-layout-flow wp-block-column-is-layout-flow\">\n<div class=\"wp-block-media-text is-stacked-on-mobile\" style=\"grid-template-columns:32% auto\"><figure class=\"wp-block-media-text__media\"><img loading=\"lazy\" decoding=\"async\" width=\"754\" height=\"918\" src=\"https:\/\/nanejeanluc-vezinet.fr\/wp-content\/uploads\/2024\/02\/couv-la-terre-1.png\" alt=\"\" class=\"wp-image-167 size-full\" srcset=\"https:\/\/nanejeanluc-vezinet.fr\/wp-content\/uploads\/2024\/02\/couv-la-terre-1.png 754w, https:\/\/nanejeanluc-vezinet.fr\/wp-content\/uploads\/2024\/02\/couv-la-terre-1-246x300.png 246w\" sizes=\"auto, (max-width: 754px) 100vw, 754px\" \/><\/figure><div class=\"wp-block-media-text__content\">\n<p class=\"has-small-font-size\"><strong>Il \u00e9tait une fois la Terre<\/strong>, <strong>petite autobiographie d&rsquo;une plan\u00e8te<\/strong> Editions<strong> <\/strong>Un Autre Reg&rsquo;Art pr\u00e9fac\u00e9 par Alain Foucault, g\u00e9ologue professeur honoraire au Museum national d&rsquo;Histoire naturelle de Paris.     juin 2024              <\/p>\n\n\n\n<p><\/p>\n<\/div><\/div>\n<\/div>\n<\/div>\n\n\n\n<div class=\"wp-block-columns is-layout-flex wp-container-core-columns-is-layout-28f84493 wp-block-columns-is-layout-flex\">\n<div class=\"wp-block-column is-layout-flow wp-block-column-is-layout-flow\" style=\"flex-basis:33.33%\">\n<figure class=\"wp-block-image size-full\"><img loading=\"lazy\" decoding=\"async\" width=\"400\" height=\"521\" src=\"https:\/\/nanejeanluc-vezinet.fr\/wp-content\/uploads\/2023\/09\/La-peur-de-Loup-photo-couv.jpg\" alt=\"\" class=\"wp-image-89\" srcset=\"https:\/\/nanejeanluc-vezinet.fr\/wp-content\/uploads\/2023\/09\/La-peur-de-Loup-photo-couv.jpg 400w, https:\/\/nanejeanluc-vezinet.fr\/wp-content\/uploads\/2023\/09\/La-peur-de-Loup-photo-couv-230x300.jpg 230w\" sizes=\"auto, (max-width: 400px) 100vw, 400px\" \/><\/figure>\n<\/div>\n\n\n\n<div class=\"wp-block-column is-layout-flow wp-block-column-is-layout-flow\" style=\"flex-basis:66.66%\">\n<p class=\"has-small-font-size\"><strong>La peur de Loup <\/strong>illustr\u00e9 par Sandra Lizzio \u00c9ditions Circonflexe 2022.                                                                Un jeune loup craintif n&rsquo;ose pas quitter sa meute, tremblant \u00e0 l&rsquo;id\u00e9e de rencontrer des humains et d&rsquo;\u00eatre traqu\u00e9 comme ses anc\u00eatres avant lui. En croisant le chemin de Vieil Ours, puis de Hibou. Il apprendra qu&rsquo;il a perdu sa r\u00e9putation d&rsquo;animal cruel et qu&rsquo;il appartient d\u00e9sormais \u00e0 une esp\u00e8ce prot\u00e9g\u00e9e. Loup parviendra-t-il donc \u00e0 surmonter sa peur&nbsp;?                                                        \u00ab<em>&nbsp;Un album tout en finesse et sensibilit\u00e9&#8230;&nbsp;\u00bb <\/em><strong>Ricochet.<\/strong><\/p>\n<\/div>\n<\/div>\n\n\n\n<div class=\"wp-block-columns is-layout-flex wp-container-core-columns-is-layout-28f84493 wp-block-columns-is-layout-flex\">\n<div class=\"wp-block-column is-layout-flow wp-block-column-is-layout-flow\" style=\"flex-basis:33.33%\">\n<figure class=\"wp-block-image size-full is-resized\"><img loading=\"lazy\" decoding=\"async\" width=\"400\" height=\"415\" src=\"https:\/\/nanejeanluc-vezinet.fr\/wp-content\/uploads\/2023\/09\/Les-mesaventures-de-Nasreddine.jpg\" alt=\"\" class=\"wp-image-91\" style=\"width:217px;height:225px\" srcset=\"https:\/\/nanejeanluc-vezinet.fr\/wp-content\/uploads\/2023\/09\/Les-mesaventures-de-Nasreddine.jpg 400w, https:\/\/nanejeanluc-vezinet.fr\/wp-content\/uploads\/2023\/09\/Les-mesaventures-de-Nasreddine-289x300.jpg 289w\" sizes=\"auto, (max-width: 400px) 100vw, 400px\" \/><\/figure>\n<\/div>\n\n\n\n<div class=\"wp-block-column is-layout-flow wp-block-column-is-layout-flow\" style=\"flex-basis:66.66%\">\n<p class=\"has-small-font-size\"><strong>Les m\u00e9saventures de Nasreddine<\/strong> illustr\u00e9 par Virginie Grosos \u00c9ditions Circonflexe 2022.                            Nasreddine, personnage l\u00e9gendaire dans tout l&rsquo;orient, est c\u00e9l\u00e8bre pour ses fac\u00e9ties et ses aventures, toutes plus farfelues les unes que les autres. Dans cet album, il d\u00e9cide de se rendre \u00e0 Bagdad sur son \u00e2ne. Son voyage sera ponctu\u00e9 de surprises et d&rsquo;histoires rocambolesques. A la fois na\u00eff et philosophe, sinc\u00e8re et rus\u00e9, Nasreddine n&rsquo;est pas au bout de ses peines.<\/p>\n<\/div>\n<\/div>\n\n\n\n<div class=\"wp-block-columns is-layout-flex wp-container-core-columns-is-layout-28f84493 wp-block-columns-is-layout-flex\">\n<div class=\"wp-block-column is-layout-flow wp-block-column-is-layout-flow\" style=\"flex-basis:33.33%\">\n<figure class=\"wp-block-image size-full\"><img loading=\"lazy\" decoding=\"async\" width=\"668\" height=\"855\" src=\"https:\/\/nanejeanluc-vezinet.fr\/wp-content\/uploads\/2023\/09\/Capture-decran-2021-03-07-231040-couverture-arbre.png\" alt=\"\" class=\"wp-image-90\" srcset=\"https:\/\/nanejeanluc-vezinet.fr\/wp-content\/uploads\/2023\/09\/Capture-decran-2021-03-07-231040-couverture-arbre.png 668w, https:\/\/nanejeanluc-vezinet.fr\/wp-content\/uploads\/2023\/09\/Capture-decran-2021-03-07-231040-couverture-arbre-234x300.png 234w\" sizes=\"auto, (max-width: 668px) 100vw, 668px\" \/><\/figure>\n<\/div>\n\n\n\n<div class=\"wp-block-column is-layout-flow wp-block-column-is-layout-flow\" style=\"flex-basis:66.66%\">\n<p class=\"has-small-font-size\"><strong>Moi, l&rsquo;arbre <\/strong>illustr\u00e9 par Sandra Lizzio pr\u00e9face de Jean-Louis \u00c9tienne \u00c9ditions Circonflexe 2021                                    \u00ab&nbsp;<em>Le ch\u00eane, personnage \u00e2g\u00e9 de 350 ans, se raconte, de sa naissance \u00e0 la fin de sa vie, et m\u00eame apr\u00e8s sa mort.<br>Il le fait de tr\u00e8s belle mani\u00e8re, aid\u00e9 par des illustrations tr\u00e8s r\u00e9alistes, color\u00e9es. Les phrases sont simples, \u00e0 la premi\u00e8re personne du singulier. Elles rappellent aux jeunes lecteurs le cycle de la vie et l\u2019importance de la nature.Beaucoup de po\u00e9sie dans cet album&#8230; ode \u00e0 la nature et \u00e0 la vie&nbsp;<\/em>\u00bb<strong> Un coup de c\u0153ur d\u2019Opalivres.<\/strong><\/p>\n<\/div>\n<\/div>\n\n\n\n<div class=\"wp-block-columns is-layout-flex wp-container-core-columns-is-layout-28f84493 wp-block-columns-is-layout-flex\">\n<div class=\"wp-block-column is-layout-flow wp-block-column-is-layout-flow\" style=\"flex-basis:33.33%\">\n<figure class=\"wp-block-image size-full\"><img loading=\"lazy\" decoding=\"async\" width=\"600\" height=\"795\" src=\"https:\/\/nanejeanluc-vezinet.fr\/wp-content\/uploads\/2023\/09\/couv-9782378623074_1_75-le-mystere-des-deux-dragons-nos-livres-2.jpg\" alt=\"\" class=\"wp-image-87\" srcset=\"https:\/\/nanejeanluc-vezinet.fr\/wp-content\/uploads\/2023\/09\/couv-9782378623074_1_75-le-mystere-des-deux-dragons-nos-livres-2.jpg 600w, https:\/\/nanejeanluc-vezinet.fr\/wp-content\/uploads\/2023\/09\/couv-9782378623074_1_75-le-mystere-des-deux-dragons-nos-livres-2-226x300.jpg 226w\" sizes=\"auto, (max-width: 600px) 100vw, 600px\" \/><\/figure>\n<\/div>\n\n\n\n<div class=\"wp-block-column is-layout-flow wp-block-column-is-layout-flow\" style=\"flex-basis:66.66%\">\n<p class=\"has-small-font-size\"><strong>Le myst\u00e8re des deux dragons<\/strong> illustr\u00e9 par Virginie Grosos \u00c9ditions Circonflexe 2021. <em>Prix Litteralouest 2022.<\/em><\/p>\n\n\n\n<p class=\"has-small-font-size\">L&#8217;empereur Lizong souhaite orner les murs de son palais de deux magnifiques dragons. Il d\u00e9cide de confier cette t\u00e2che au peintre le plus r\u00e9put\u00e9 de l&#8217;empire du Milieu. Apr\u00e8s plus de deux ans d&rsquo;attente, l&rsquo;artiste pr\u00e9sente enfin son \u0153uvre qui provoque la col\u00e8re de l&#8217;empereur.<\/p>\n<\/div>\n<\/div>\n\n\n\n<div class=\"wp-block-columns is-layout-flex wp-container-core-columns-is-layout-28f84493 wp-block-columns-is-layout-flex\">\n<div class=\"wp-block-column is-layout-flow wp-block-column-is-layout-flow\" style=\"flex-basis:33.33%\">\n<figure class=\"wp-block-image size-full\"><img loading=\"lazy\" decoding=\"async\" width=\"516\" height=\"694\" src=\"https:\/\/nanejeanluc-vezinet.fr\/wp-content\/uploads\/2023\/09\/couv-poupee-paul239-2.jpg\" alt=\"\" class=\"wp-image-92\" srcset=\"https:\/\/nanejeanluc-vezinet.fr\/wp-content\/uploads\/2023\/09\/couv-poupee-paul239-2.jpg 516w, https:\/\/nanejeanluc-vezinet.fr\/wp-content\/uploads\/2023\/09\/couv-poupee-paul239-2-223x300.jpg 223w\" sizes=\"auto, (max-width: 516px) 100vw, 516px\" \/><\/figure>\n<\/div>\n\n\n\n<div class=\"wp-block-column is-layout-flow wp-block-column-is-layout-flow\" style=\"flex-basis:66.66%\">\n<p class=\"has-small-font-size\"><strong>La poup\u00e9e de Paul <\/strong>illustr\u00e9 par Za\u00fc \u00c9ditions Un Autre Reg&rsquo;Art 2021                                                                     Paul et Simon ont un secret. Une poup\u00e9e qui, comme leur petite s\u0153ur d\u00e9c\u00e9d\u00e9e, est malade. Avec poup\u00e9e, ils vont vivre de grandes aventures et surmonter la peine qui r\u00e8gne au sein de la famille.                                                           <em>De la travers\u00e9e d&rsquo;un chagrin, Nane V\u00e9zinet nous fait le don d&rsquo;un r\u00e9cit qui remonte \u00e0 la source, celle de la vie&nbsp;: <\/em><strong>Jean-Philippe Grynberg. <\/strong>Psychologue intervenant dans le dispositif toulousain de soutien aux enfants endeuill\u00e9s.<\/p>\n<\/div>\n<\/div>\n\n\n\n<div class=\"wp-block-columns is-layout-flex wp-container-core-columns-is-layout-28f84493 wp-block-columns-is-layout-flex\">\n<div class=\"wp-block-column is-layout-flow wp-block-column-is-layout-flow\" style=\"flex-basis:33.33%\">\n<figure class=\"wp-block-image size-full is-resized\"><img loading=\"lazy\" decoding=\"async\" width=\"600\" height=\"468\" src=\"https:\/\/nanejeanluc-vezinet.fr\/wp-content\/uploads\/2023\/09\/9782378622596pre_pp-okavango.png\" alt=\"\" class=\"wp-image-88\" style=\"width:209px;height:163px\" srcset=\"https:\/\/nanejeanluc-vezinet.fr\/wp-content\/uploads\/2023\/09\/9782378622596pre_pp-okavango.png 600w, https:\/\/nanejeanluc-vezinet.fr\/wp-content\/uploads\/2023\/09\/9782378622596pre_pp-okavango-300x234.png 300w\" sizes=\"auto, (max-width: 600px) 100vw, 600px\" \/><\/figure>\n<\/div>\n\n\n\n<div class=\"wp-block-column is-layout-flow wp-block-column-is-layout-flow\" style=\"flex-basis:66.66%\">\n<p class=\"has-small-font-size\"><strong>Okavango, le fleuve qui jamais ne trouva la mer<\/strong> illustr\u00e9 par Suzy Vergez \u00c9ditions Circonflexe 2019.                     Dans cet album magnifiquement illustr\u00e9 vous est cont\u00e9e l&rsquo;histoire d&rsquo;un des plus grands cours d&rsquo;eau d&rsquo;Afrique;le fleuve Okavango. Il a la particularit\u00e9 de ne jamais rejoindre l&rsquo;oc\u00e9an. Son p\u00e9riple s\u2019ach\u00e8ve dans le terrible d\u00e9sert du Kalahari. Un v\u00e9ritable voyage \u00e0 travers l&rsquo;Afrique, o\u00f9 l&rsquo;on assiste avec \u00e9motion \u00e0 la vie et \u00e0 la renaissance de ce fleuve unique au monde.<\/p>\n<\/div>\n<\/div>\n\n\n\n<div class=\"wp-block-columns is-layout-flex wp-container-core-columns-is-layout-28f84493 wp-block-columns-is-layout-flex\">\n<div class=\"wp-block-column is-layout-flow wp-block-column-is-layout-flow\" style=\"flex-basis:33.33%\">\n<figure class=\"wp-block-image size-full\"><img loading=\"lazy\" decoding=\"async\" width=\"642\" height=\"659\" src=\"https:\/\/nanejeanluc-vezinet.fr\/wp-content\/uploads\/2023\/09\/couv-tournee-la-charte.jpg\" alt=\"\" class=\"wp-image-86\" srcset=\"https:\/\/nanejeanluc-vezinet.fr\/wp-content\/uploads\/2023\/09\/couv-tournee-la-charte.jpg 642w, https:\/\/nanejeanluc-vezinet.fr\/wp-content\/uploads\/2023\/09\/couv-tournee-la-charte-292x300.jpg 292w\" sizes=\"auto, (max-width: 642px) 100vw, 642px\" \/><\/figure>\n<\/div>\n\n\n\n<div class=\"wp-block-column is-layout-flow wp-block-column-is-layout-flow\" style=\"flex-basis:66.66%\">\n<p class=\"has-small-font-size\"><strong>La tourn\u00e9e du boulanger<\/strong> illustr\u00e9 par Leticia Rose \u00c9ditions Un Autre Reg&rsquo;Art 2018.                                                    \u00c9l\u00e8ve en classe de CM2 dans l&rsquo;\u00e9cole de son village, Zelia, habituellement vive et enjou\u00e9e, devient triste et absente. Cela inqui\u00e8te vivement sa ma\u00eetresse et sa bande de copains qui ne la reconnaissent plus&nbsp;! Que lui arrive-t-il&nbsp;? Comment la classe va pouvoir l&rsquo;aider \u00e0 retrouver sa joie et son entrain naturel&nbsp;? Le r\u00e9cit d&rsquo;une belle le\u00e7on d&rsquo;entraide et de solidarit\u00e9.<\/p>\n<\/div>\n<\/div>\n\n\n\n<div class=\"wp-block-columns is-layout-flex wp-container-core-columns-is-layout-28f84493 wp-block-columns-is-layout-flex\"><\/div>\n\n\n\n<div class=\"wp-block-columns is-layout-flex wp-container-core-columns-is-layout-28f84493 wp-block-columns-is-layout-flex\"><\/div>\n\n\n\n<div class=\"wp-block-columns is-layout-flex wp-container-core-columns-is-layout-28f84493 wp-block-columns-is-layout-flex\"><\/div>\n","protected":false},"excerpt":{"rendered":"<p>Moi, l&rsquo;ourse illustr\u00e9 par Sandra Lizzio: \u00e9ditions Circonflexe octobre 2025. Du haut de sommets enneig\u00e9s, une ourse nous conte son histoire. Entrant dans sa cinqui\u00e8me ann\u00e9e, elle attend pour la premi\u00e8re fois des petits. Alors que l&rsquo;hiver arrive, elle va se r\u00e9fugier dans sa tani\u00e8re, mettre bas, et s&rsquo;occuper seule de ses oursons\u2026 Moi l&rsquo;Oc\u00e9an [&hellip;]<\/p>\n","protected":false},"author":1,"featured_media":0,"parent":0,"menu_order":0,"comment_status":"closed","ping_status":"closed","template":"","meta":{"footnotes":""},"class_list":["post-27","page","type-page","status-publish","hentry"],"_links":{"self":[{"href":"https:\/\/nanejeanluc-vezinet.fr\/index.php\/wp-json\/wp\/v2\/pages\/27","targetHints":{"allow":["GET"]}}],"collection":[{"href":"https:\/\/nanejeanluc-vezinet.fr\/index.php\/wp-json\/wp\/v2\/pages"}],"about":[{"href":"https:\/\/nanejeanluc-vezinet.fr\/index.php\/wp-json\/wp\/v2\/types\/page"}],"author":[{"embeddable":true,"href":"https:\/\/nanejeanluc-vezinet.fr\/index.php\/wp-json\/wp\/v2\/users\/1"}],"replies":[{"embeddable":true,"href":"https:\/\/nanejeanluc-vezinet.fr\/index.php\/wp-json\/wp\/v2\/comments?post=27"}],"version-history":[{"count":31,"href":"https:\/\/nanejeanluc-vezinet.fr\/index.php\/wp-json\/wp\/v2\/pages\/27\/revisions"}],"predecessor-version":[{"id":367,"href":"https:\/\/nanejeanluc-vezinet.fr\/index.php\/wp-json\/wp\/v2\/pages\/27\/revisions\/367"}],"wp:attachment":[{"href":"https:\/\/nanejeanluc-vezinet.fr\/index.php\/wp-json\/wp\/v2\/media?parent=27"}],"curies":[{"name":"wp","href":"https:\/\/api.w.org\/{rel}","templated":true}]}}